6*c - 5*c. Suppose -5*m = 5, 6*m - 3*m + 1 = -i. What is the tens digit of l(i)?
5
Suppose -9*t + 24 = -5*t. Let j be t - 3/6*6. Suppose 136 = 7*a - j*a. What is the units digit of a?
4
Suppose 0 = 3*c + q + 2372, c - 4*q + 3184 = -3*c. Let n = c + 1158. Suppose 3*b - j + 354 = 6*b, 3*b - 3*j - n = 0. What is the hundreds digit of b?
1
Suppose -3*q - 5*z = -2919, 0 = 5*z + 15. What is the hundreds digit of q?
9
Let b(x) = 7*x**3 + 32*x**2 - 5*x - 117. What is the units digit of b(12)?
7
Let z(l) = 5*l**3 - 3*l**2 + 12*l - 49. Suppose 70 = 20*m - 50. What is the tens digit of z(m)?
9
Let x = -119 - -122. Suppose t - 13 = h - 40, x*h - 66 = -2*t. Suppose 25*s - h*s = 124. What is the tens digit of s?
2
Let p = -3 - 3. Let h(r) = -29*r + 2. What is the hundreds digit of h(p)?
1
Let t(l) = -1743*l - 6275. What is the ten thousands digit of t(-18)?
2
Let q be 9/2 + (-1)/(-2). Let d(w) be the second derivative of -w**3/6 + 15*w**2/2 + 12*w + 2. What is the tens digit of d(q)?
1
Let s(f) = -f**3 + 35*f**2 - 7. Let q be s(35). What is the tens digit of ((-37)/q - 1)/(30/2520)?
6
Let a(r) = 4019*r**2 - 344*r - 1370. What is the hundreds digit of a(-4)?
3
What is the units digit of 3*7/(-63) - 91/(-42)*1886?
6
Suppose 11*w = 3*m + 13*w - 41723, 4*m = 5*w + 55669. What is the units digit of m?
1
Suppose -3*p - 47 = -s, 0*p = -4*p - s - 58. What is the tens digit of p*(1/(-2) + 990/(-12))?
4
Suppose 10*u - 7*u + 282933 = 0. What is the tens digit of (2 - 7)*(u/(-45))/(-7)?
9
Let y be 8 - (4/(-2))/((-24)/48). What is the tens digit of (8 - 7)/(y/3112)?
7
Let s = 314 - 311. Suppose -s*y = 15, 2*y + 942 = 3*r - 1060. What is the units digit of r?
4
What is the thousands digit of (-8121)/(-6)*8/(-5 - -7)?
5
Suppose 0 = 3*o - 3*s - 5319, 16*o + 2*s - 8893 = 11*o. What is the units digit of o?
7
Suppose -212*q + 15 = -217*q, -5*s + 4*q = -143792. What is the tens digit of s?
5
Suppose -2*f - 3*w + 17 = 0, w + 15 - 64 = -4*f. Suppose -2817 = -f*j + 4*j. What is the hundreds digit of j?
3
Let p(a) = 5*a - 66. Let c be p(12). What is the hundreds digit of (3/c*-1086)/3?
1
Suppose 0 = 65*a - 49*a - 249632. What is the ten thousands digit of a?
1
Let b(h) = h**2 - 3. Let o be b(16). Suppose -o = -f + 309. What is the units digit of f?
2
Suppose -3*u = -4*y + 16602, -y + 12446 = 2*y - 5*u. Suppose -3*h - 4*b + 3113 = 0, -4*h = -0*h + 4*b - y. What is the tens digit of h?
3
Let a(n) = -2*n**3 + 6*n**2 - 8. Let m be a(3). Let y(k) = k**3 + 7*k**2 - 18*k - 19. What is the units digit of y(m)?
1
Let z be ((-294)/(-35))/((-3)/30). Let w = z + 46. Let v = 126 + w. What is the tens digit of v?
8
Let c(z) = -38*z**2 + 2*z + 5. Let d be c(3). Let i = d + 1240. What is the units digit of i?
9
Suppose 3*l - 4*u = 205, -30 = 5*u - 10. Let r = l + 23. Suppose 4*h - 245 = -3*t + 21, -2*h + r = t. What is the units digit of t?
4
Suppose 2*l = l - 2*l + 55200. What is the ten thousands digit of l?
1
Let h(b) = -b**2 + b + 4. Let r be h(-4). Let a(o) be the third derivative of -o**4/12 - 13*o**3/3 + 622*o**2. What is the units digit of a(r)?
6
Let y = 201 - -7. Let z = y - 78. What is the hundreds digit of z?
1
Suppose 4*f = -f - 3*i + 1980, 3*f + 4*i - 1199 = 0. Suppose -3*p + f = -129. What is the units digit of p?
4
Let g be (-4)/(-1) + 4 + 63. Suppose j = 3*s - 17, 3*j + g = 4*s + s. What is the hundreds digit of (j/24)/((-1)/78)?
1
Let h = -504 + 1563. Let f = -570 + h. What is the hundreds digit of f?
4
Suppose 3*z - 2698 = -4*t - 484, 0 = -4*t. Let k = z - 602. What is the units digit of k?
6
Let r(g) = -567*g - 322. What is the units digit of r(-11)?
5
Let k(a) = a. Let o be k(0). Suppose -5*j + 1039 = -4*v, 13 - 33 = -5*v. Suppose o = -n + j - 63. What is the hundreds digit of n?
1
Suppose 1916 = 2*f + 3*u - 6*u, -4*u = 2*f - 1944. Let l = -570 + f. Suppose -17*o + 19*o = l. What is the units digit of o?
7
Let f(r) = 9 - 6*r**2 - 2 + 10 - 10*r**2 - r + 5*r**3. Let t(z) = -9*z**3 + 31*z**2 + 2*z - 33. Let g(m) = -7*f(m) - 4*t(m). What is the units digit of g(12)?
1
Let j(q) = -q**2 + 3*q - 9 - 15*q - 3. Let s(y) = -y - 1. Let d(m) = j(m) - 4*s(m). What is the units digit of d(-6)?
4
Let l(i) = -37*i**3 + 2*i**2 - 5*i - 8. Suppose -6*d + 16 = 28. What is the units digit of l(d)?
6
Let a be (9 + (-247)/(-5))*(-25)/(-2). Let q = 257 + a. What is the hundreds digit of q?
9
Let y(g) = -g**3 - 29*g**2 + 74*g - 107. Let q be y(-33). Let a = q - 1268. What is the hundreds digit of a?
5
Let f be -30 - (6*10/15 - 1). What is the tens digit of (6/f - (-12382)/(-22))/(-1)?
6
Let g(c) be the first derivative of 22*c**3 + 3*c**2 + 10*c + 8. Let l be g(-2). Suppose -5*r + 353 = -l. What is the hundreds digit of r?
1
Let f(u) = -16*u + 16*u**2 + 26*u**2 + 30*u - 12. What is the units digit of f(-5)?
8
Suppose -2*y = 49 - 39. Let l = y - 27. Let s = 40 + l. What is the units digit of s?
8
Let g(j) = 132*j - 32*j - 24 + 246*j + 285*j - 4. What is the units digit of g(2)?
4
Let z be 17/((2/(-42))/(30/(-35))). Let j = 731 - z. What is the tens digit of j?
2
Let h = 12 - 16. Let i be h/(24/39) - (-1)/2. Let o = 110 - i. What is the units digit of o?
6
Let j = 1000 + -1000. Suppose j = 5*x - 2*g - 6688, 29*x = 32*x + 5*g - 4019. What is the hundreds digit of x?
3
Let m = 4882 - 1006. What is the thousands digit of m?
3
Let w = -38678 - -66556. What is the thousands digit of w?
7
What is the thousands digit of -6*(-9)/(18/1042)?
3
Let t(g) = -4*g - 17. Let x be t(-5). Suppose -x*b - 311 = -845. Suppose 3*n - 3 = 4*o + 527, o + b = n. What is the hundreds digit of n?
1
Suppose 7*y - 3*o = 10*y - 74145, -98905 = -4*y + 5*o. Suppose 0 = 6*k + 10*k - y. What is the hundreds digit of k?
5
Let b(d) = 6*d**2 + 46*d - 12. Let m be b(-10). Let l = m + -85. What is the tens digit of l?
4
Suppose -129*j + 50*j + 661072 = 0. What is the units digit of j?
8
Suppose 2*m - 5240 = -2*d, 2*d - 3*m = -m + 5252. What is the tens digit of d?
2
Suppose 0 = 596*d - 675*d + 222069. What is the units digit of d?
1
Let l(v) = v**2 - 3*v + 2. Let p be l(3). Suppose -u = -p*u. Suppose 75 = o - 2*y, u*y = 4*o - 3*y - 300. What is the units digit of o?
5
Let t(a) = -1558*a + 570. What is the hundreds digit of t(-4)?
8
Suppose 71*x - 240036 = 426508 - 75895. What is the thousands digit of x?
8
Let q = 136 + -131. Suppose -4*k = -3*i - 5*k + 3202, 5*k + 5310 = q*i. What is the hundreds digit of i?
0
What is the hundreds digit of (25478*-5 - 4)/((-212)/106)?
6
Let n = 38983 - 988. What is the units digit of n?
5
Let c(p) = -p**3 - 13*p**2 - 19*p - 57. Let d be (-18)/(-4)*(-40)/12. What is the hundreds digit of c(d)?
6
Let p = -214 - -200. What is the tens digit of ((-7356)/(-30))/(p/(-35))?
1
Suppose 0 = 2*h - i - 1194, -5*h - i + 268 = -2724. Suppose -3*w + 4*w = h. What is the units digit of w?
8
Let q(f) = -f - 7. Let y be q(-9). Let c(d) = -d**2 - 4*d + 11. Let s be c(-5). What is the units digit of (s - -30) + (0 + -1)*y?
4
Suppose 440211 = 12*m + 3*z, 2*z = 5*m - 60721 - 122710. What is the hundreds digit of m?
6
Suppose 2*j - 3*a - 81758 = 0, 4*j + 3*a = 257948 - 94486. What is the hundreds digit of j?
8
Let g be -3 - 5/((-20)/16). Let a(b) be the second derivative of 147*b**5/20 + b**3/3 - b**2 + 7*b. What is the units digit of a(g)?
7
Suppose -51*c - 234493 + 858058 = -24*c. What is the tens digit of c?
9
Let p(d) = 20*d**2 + 8*d + 26 - 8 + 3 + 23. What is the units digit of p(-5)?
4
Suppose 5*a + 169 = -618*g + 621*g, -5*g - 2*a + 230 = 0. What is the units digit of g?
8
Let r = 5262 - 9022. What is the tens digit of (-2)/((-2 - -5) + r/1250)?
5
Suppose -x - 6 = -4*x, 3*b = 2*x + 326. Let g = -81 + b. Suppose 0 = -35*s + g*s + 690. What is the hundreds digit of s?
1
Let u be (-11982)/(-4)*(-120)/(-180). Let o = u + -1265. What is the units digit of o?
2
Suppose -182*a + 126144 = -648448. What is the tens digit of a?
5
What is the units digit of ((-196)/72 + (-2)/(-9))*(-4142468)/155?
4
Let x(d) = -8585*d**3 - 12*d**2 - 6*d + 5. What is the hundreds digit of x(-1)?
5
Suppose -5*f - 3*r = -30, -2*r + 4 = f - 3*f. Let n(o) = -o - 2. Let u be n(f). What is the units digit of ((-18)/15)/1*u?
6
Let z(c) = 12*c**2 + 70*c + 542. What is the thousands digit of z(-10)?
1
Let j be (-2)/12 - 366/(-36). Suppose 2*z = 5*y - 3*z 